hat is db7 + 1cc?
1094
In base 4, what is 1 + -23002022013?
-23002022012
In base 4, what is -312032 + 10121320?
3203222
In base 12, what is 475897 - 15?
475882
In base 14, what is 4871c195 + -3?
4871c192
In base 8, what is -740403 + 6?
-740375
In base 16, what is -240ca8ed - 3?
-240ca8f0
In base 4, what is 20023 + -11033123?
-11013100
In base 16, what is 61 - -9744?
97a5
In base 14, what is -1a - -2a500?
2a4c4
In base 8, what is -377 + 753664?
753265
In base 10, what is 322921 - 24?
322897
In base 7, what is 3053246 - -6452?
3063031
In base 14, what is 5c581 + 2?
5c583
In base 5, what is -1140010233 + -314?
-1140011102
In base 7, what is -3545101 + 521?
-3544250
In base 6, what is -3 - 35550512?
-35550515
In base 8, what is -12321 + -234211?
-246532
In base 4, what is -2202211 - -202331?
-1333220
In base 12, what is b42 + 10293?
11215
In base 14, what is -314 + -8627?
-893b
In base 4, what is 101 - 2033131313?
-2033131212
In base 10, what is 58051 - 121?
57930
In base 5, what is -3330221001 - 2?
-3330221003
In base 13, what is b76a + 230c?
10a79
In base 8, what is 1446402 - -421?
1447023
In base 9, what is -4130202 - -112?
-4130080
In base 12, what is 1952a - -172?
196a0
In base 6, what is -325 - -4001425?
4001100
In base 15, what is -25c0a + 1d7?
-25a23
In base 3, what is 21 + 1200010101002?
1200010101100
In base 8, what is -1 - 26553520?
-26553521
In base 4, what is -311013033 - -122232?
-310230201
In base 6, what is 5 - 400453?
-400444
In base 14, what is -3 - -5ba063?
5ba060
In base 14, what is c + -1b83392?
-1b83384
In base 16, what is 14c93ab + -4?
14c93a7
In base 14, what is -9d7 + -1d03a?
-1da33
In base 15, what is 873e48ac + 4?
873e48b1
In base 4, what is -1121113311 - -33212?
-1121020033
In base 13, what is -3b64b - 1a68?
-403b6
In base 3, what is 1 - 12010022110121200?
-12010022110121122
In base 3, what is -2110212 - 100211011?
-110022000
In base 4, what is -110 - 110211221331?
-110211222101
In base 7, what is 2565310 - -2?
2565312
In base 8, what is 146563 + -725?
145636
In base 15, what is 43b2 + -4e9e?
-adc
In base 12, what is -4 + 30b6a058?
30b6a054
In base 16, what is -20e + fd?
-111
In base 13, what is 26b70a + -11?
26b6c9
In base 15, what is 1 - -2964d?
2964e
In base 9, what is -1477632 - -258?
-1477363
In base 7, what is -102121466 + -2?
-102121501
In base 4, what is 21 - -101000023022?
101000023103
In base 12, what is -22875 + -80?
-22935
In base 11, what is -50 + 365431?
365391
In base 3, what is -10102200121000 + 1122?
-10102200112101
In base 7, what is -164553 - 1042?
-165625
In base 14, what is -177664 + -14?
-177678
In base 10, what is 92 - 170750?
-170658
In base 9, what is 16253 + -3807?
12345
In base 12, what is 19aa - 46a?
1540
In base 14, what is -488 - 296?
-740
In base 13, what is -13 + 45986c2?
45986ac
In base 11, what is -275 - 619?
-893
In base 7, what is -6614054 + -6?
-6614063
In base 7, what is -434231262 + -3?
-434231265
In base 9, what is -4 - 55411286?
-55411301
In base 14, what is 697 - 7d72?
-76b9
In base 11, what is 33 - 149049?
-149016
In base 13, what is 42 - 28507?
-28495
In base 7, what is 30543 + -1151031?
-1120155
In base 11, what is 4 + 185912?
185916
In base 6, what is 44 + 2311411?
2311455
In base 3, what is -12221221000 + -102100?
-12222100100
In base 10, what is 1689 + 47113?
48802
In base 15, what is -3 - -1404d7?
1404d4
In base 13, what is 6bb661c - 1?
6bb661b
In base 11, what is 45a0673a1 + 3?
45a0673a4
In base 16, what is 3 + -4cba98?
-4cba95
In base 8, what is -503277355 - 0?
-503277355
In base 8, what is -3 - -2621161?
2621156
In base 11, what is -9066 + 2093?
-6a83
In base 5, what is -1 - -1141133222?
1141133221
In base 7, what is 34322330 - 12?
34322315
In base 7, what is -333245164 + -5?
-333245202
In base 2, what is 100001 + 1000001110001001000?
1000001110001101001
In base 5, what is 222343040 + -1304?
222341231
In base 8, what is 137173 + -554?
136417
In base 3, what is 112 - 21020122112?
-21020122000
In base 13, what is -223c85a - 0?
-223c85a
In base 16, what is -5 - 35f76?
-35f7b
In base 7, what is 10 + 501060120?
501060130
In base 3, what is -1 + -221122020101222002?
-221122020101222010
In base 7, what is -14 - 103165?
-103212
In base 16, what is -3 - c7af6d?
-c7af70
In base 8, what is -24350 + -55757?
-102327
In base 16, what is -b49 + -97b0?
-a2f9
In base 2, what is 1011010100000000111100010110 - 101?
1011010100000000111100010001
In base 9, what is 2 + -1512830?
-1512827
In base 16, what is -5 + e9fe0?
e9fdb
In base 12, what is 69 - 929a9?
-92940
In base 15, what is 1 + -a32be5?
-a32be4
In base 16, what is b + -5e9ddc?
-5e9dd1
In base 15, what is -3 + db0001?
daeeed
In base 2, what is -10 - 10110000100101110000000?
-10110000100101110000010
In base 13, what is -a3b2 + 20c?
-a1a3
In base 13, what is 5977639 + 9?
5977645
In base 6, what is -141220034 + -154?
-141220232
In base 4, what is -20 - -32022301000?
32022300320
In base 2, what is 10100000011010001110100111 - 1?
10100000011010001110100110
In base 7, what is 2636 - -1056?
4025
In base 10, what is -26570 + -581?
-27151
In base 13, what is -2 + ccb025?
ccb023
In base 6, what is 0 + 12030115?
12030115
In base 9, what is -178344 + -808?
-180253
In base 2, what is 1001001100110 + -1010111111111?
-1110011001
In base 7, what is 532431 - -50033?
612464
In base 11, what is 564474 + 41?
564505
In base 8, what is -4733375 - -114?
-4733261
In base 13, what is -5 + -27a08c1?
-27a08c6
In base 15, what is -11229247 + -3?
-1122924a
In base 10, what is -35 - 6734867?
-6734902
In base 5, what is -3110324014 + 3?
-3110324011
In base 12, what is -6 - 73abb3?
-73abb9
In base 7, what is -1342 - 141065?
-142440
In base 11, what is 1388 - -318a8?
33185
In base 11, what is -4209332 - 1?
-4209333
In base 8, what is -1 + -66774474?
-66774475
In base 6, what is 33453011 - 1001?
33452010
In base 9, what is 0 + 2072318?
2072318
In base 9, what is 0 - 16281012?
-16281012
In base 9, what is 2 + 3763172?
3763174
In base 13, what is -9aa33 + -7a?
-9aab0
In base 5, what is 2210113311 - 0?
2210113311
In base 9, what is -181866427 + 4?
-181866423
In base 12, what is -1945 - 388a?
-5613
In base 6, what is 1511 + 1545233?
1551144
In base 2, what is -10110 + 101101111000011000001111?
101101111000010111111001
In base 9, what is -1 + 3088578?
3088577
In base 13, what is 5362 + 1674?
6a06
In base 16, what is -27 + -fb9bb?
-fb9e2
In base 16, what is 2cfbc - b?
2cfb1
In base 9, what is -14066 - -7024?
-6042
In base 4, what is -2 - 110213313302?
-110213313310
In base 12, what is -654a297 + 5?
-654a292
In base 2, what is 1101010010100010100111 - 110?
1101010010100010100001
In base 2, what is 10010000 - -10110110101000110?
10110110111010110
In base 2, what is 101 - -110011011010101101001011111?
110011011010101101001100100
In base 3, what is 2202 - 21112010021?
-21112000112
In base 3, what is -102000022210 + -101120?
-102000201100
In base 13, what is 39144c7 + 5?
39144cc
In base 3, what is 2120201122 - -20011?
2120221210
In base 9, what is 5 - -10750627?
10750633
In base 15, what is -1439 + 148a?
51
In base 9, what is -4 + 10526558?
10526554
In base 9, what is 373450 - -215?
373665
In base 5, what is 433 - -44021044?
44022032
In base 2, what is -1100111001 - -1111101110101?
1110000111100
In base 6, what is -13 - 2235413124?
-2235413141
In base 12, what is -10b - -207919?
20780a
In base 13, what is 9 + -1ba5c04?
-1ba5bc8
In base 6, what is 5041 + -1014425?
-1005344
In base 14, what is 3517 + 10c24?
1433b
In base 13, what is 9475a9 - 1c?
94758a
In base 12, what is -2 - -4724a1?
47249b
In base 8, what is -3 - -454132307?
454132304
In base 3, what is -210200102 - 12000101?
-222200210
In base 4, what is 20 + 23231222310?
23231222330
In base 9, what is 4 - -110463613?
110463617
In base 14, what is -19c90 + -9?
-19c99
In base 12, what is 7684 + -1ab3?
5791
In base 14, what is 91c0b - -1c?
91c29
In base 14, what is 3b517 - 15d6?
39d21
In base 15, what is -1d6 - 144554?
-14473a
In base 11, what is -9571978 - 2?
-957197a
In base 4, what is 201101123 + -11300?
201023223
In base 6, what is -4253 + -24233?
-32530
In base 6, what is -232534540 + -350?
-232535330
In base 6, what is 5 + -2445113501?
-2445113452
In base 8, what is 222 - -667413?
667635
In base 11, what is 5 + -497